{"id":982,"date":"2016-03-08T18:35:44","date_gmt":"2016-03-08T18:35:44","guid":{"rendered":"http:\/\/klausundmoniunterwegs.de\/?page_id=982"},"modified":"2016-03-11T19:34:39","modified_gmt":"2016-03-11T19:34:39","slug":"l200-magnum","status":"publish","type":"page","link":"https:\/\/klausundmoniunterwegs.de\/?page_id=982","title":{"rendered":"Mitsubishi L200 Magnum"},"content":{"rendered":"<p>von Juli 1995 bis Januar 1999<\/p>\n<p>Diesel\u00a0;\u00a0Leistung 87 PS ; Hubraum 2,5 Liter ; Zul. Ges. Gewicht 2525 kg<\/p>\n<p>Endlich Allrad<\/p>\n<p><a href=\"http:\/\/klausundmoniunterwegs.de\/wp-content\/uploads\/2016\/02\/2-L200-I-1.jpg\" rel=\"attachment wp-att-956\"><img loading=\"lazy\" decoding=\"async\" class=\"alignnone size-large wp-image-956\" src=\"http:\/\/klausundmoniunterwegs.de\/wp-content\/uploads\/2016\/02\/2-L200-I-1-1024x768.jpg\" alt=\"2 L200 I (1)\" width=\"840\" height=\"630\" srcset=\"https:\/\/klausundmoniunterwegs.de\/wp-content\/uploads\/2016\/02\/2-L200-I-1-1024x768.jpg 1024w, https:\/\/klausundmoniunterwegs.de\/wp-content\/uploads\/2016\/02\/2-L200-I-1-300x225.jpg 300w, https:\/\/klausundmoniunterwegs.de\/wp-content\/uploads\/2016\/02\/2-L200-I-1-768x576.jpg 768w, https:\/\/klausundmoniunterwegs.de\/wp-content\/uploads\/2016\/02\/2-L200-I-1-1200x900.jpg 1200w, https:\/\/klausundmoniunterwegs.de\/wp-content\/uploads\/2016\/02\/2-L200-I-1.jpg 1600w\" sizes=\"auto, (max-width: 709px) 85vw, (max-width: 909px) 67vw, (max-width: 1362px) 62vw, 840px\" \/><\/a><\/p>\n<p>Wir probierten uns mit einem Wohnwagen aus. Mit Tempo 80 km\/h\u00a0auf der Autobahn dahin schleichen. Die Parkplatzsuche war auf Grund\u00a0der Gesamtl\u00e4nge von \u00fcber 10 m\u00a0m\u00fchsam.<\/p>\n<p>Das war nicht unser Ding.<\/p>\n<p>Also sind wir im Fr\u00fchjahr zur Offroad-Messe nach M\u00fcnchen gefahren. Nach langer Suche hat uns die Bimobil-Kabine \u00fcberzeugt.<\/p>\n<p><div class='content-column one_half'><a href=\"http:\/\/klausundmoniunterwegs.de\/wp-content\/uploads\/2016\/02\/2-L200-I-2.jpg\" rel=\"attachment wp-att-955\"><img loading=\"lazy\" decoding=\"async\" class=\"alignnone size-large wp-image-955\" src=\"http:\/\/klausundmoniunterwegs.de\/wp-content\/uploads\/2016\/02\/2-L200-I-2-1024x768.jpg\" alt=\"2 L200 I (2)\" width=\"840\" height=\"630\" srcset=\"https:\/\/klausundmoniunterwegs.de\/wp-content\/uploads\/2016\/02\/2-L200-I-2-1024x768.jpg 1024w, https:\/\/klausundmoniunterwegs.de\/wp-content\/uploads\/2016\/02\/2-L200-I-2-300x225.jpg 300w, https:\/\/klausundmoniunterwegs.de\/wp-content\/uploads\/2016\/02\/2-L200-I-2-768x576.jpg 768w, https:\/\/klausundmoniunterwegs.de\/wp-content\/uploads\/2016\/02\/2-L200-I-2-1200x900.jpg 1200w, https:\/\/klausundmoniunterwegs.de\/wp-content\/uploads\/2016\/02\/2-L200-I-2.jpg 1600w\" sizes=\"auto, (max-width: 709px) 85vw, (max-width: 909px) 67vw, (max-width: 1362px) 62vw, 840px\" \/><\/a><\/div><div class='content-column one_half last_column'><a href=\"http:\/\/klausundmoniunterwegs.de\/wp-content\/uploads\/2016\/02\/2-L200-I-3.jpg\" rel=\"attachment wp-att-954\"><img loading=\"lazy\" decoding=\"async\" class=\"alignnone size-large wp-image-954\" src=\"http:\/\/klausundmoniunterwegs.de\/wp-content\/uploads\/2016\/02\/2-L200-I-3-1024x768.jpg\" alt=\"2 L200 I (3)\" width=\"840\" height=\"630\" srcset=\"https:\/\/klausundmoniunterwegs.de\/wp-content\/uploads\/2016\/02\/2-L200-I-3-1024x768.jpg 1024w, https:\/\/klausundmoniunterwegs.de\/wp-content\/uploads\/2016\/02\/2-L200-I-3-300x225.jpg 300w, https:\/\/klausundmoniunterwegs.de\/wp-content\/uploads\/2016\/02\/2-L200-I-3-768x576.jpg 768w, https:\/\/klausundmoniunterwegs.de\/wp-content\/uploads\/2016\/02\/2-L200-I-3-1200x900.jpg 1200w, https:\/\/klausundmoniunterwegs.de\/wp-content\/uploads\/2016\/02\/2-L200-I-3.jpg 1600w\" sizes=\"auto, (max-width: 709px) 85vw, (max-width: 909px) 67vw, (max-width: 1362px) 62vw, 840px\" \/><\/a><\/div><div class='clear_column'><\/div><\/p>\n<p>Wir kauften eine Leer-Kabine die wir nach unseren W\u00fcnschen und Erfahrungen selbst ausgebaut haben.<\/p>\n<p><div class='content-column one_half'><a href=\"http:\/\/klausundmoniunterwegs.de\/wp-content\/uploads\/2016\/02\/2-L200-I-4.jpg\" rel=\"attachment wp-att-953\"><img loading=\"lazy\" decoding=\"async\" class=\"alignnone size-large wp-image-953\" src=\"http:\/\/klausundmoniunterwegs.de\/wp-content\/uploads\/2016\/02\/2-L200-I-4-1024x768.jpg\" alt=\"2 L200 I (4)\" width=\"840\" height=\"630\" srcset=\"https:\/\/klausundmoniunterwegs.de\/wp-content\/uploads\/2016\/02\/2-L200-I-4-1024x768.jpg 1024w, https:\/\/klausundmoniunterwegs.de\/wp-content\/uploads\/2016\/02\/2-L200-I-4-300x225.jpg 300w, https:\/\/klausundmoniunterwegs.de\/wp-content\/uploads\/2016\/02\/2-L200-I-4-768x576.jpg 768w, https:\/\/klausundmoniunterwegs.de\/wp-content\/uploads\/2016\/02\/2-L200-I-4-1200x900.jpg 1200w, https:\/\/klausundmoniunterwegs.de\/wp-content\/uploads\/2016\/02\/2-L200-I-4.jpg 1600w\" sizes=\"auto, (max-width: 709px) 85vw, (max-width: 909px) 67vw, (max-width: 1362px) 62vw, 840px\" \/><\/a><\/div><div class='content-column one_half last_column'><a href=\"http:\/\/klausundmoniunterwegs.de\/wp-content\/uploads\/2016\/02\/2-L200-I-7.jpg\" rel=\"attachment wp-att-950\"><img loading=\"lazy\" decoding=\"async\" class=\"alignnone size-large wp-image-950\" src=\"http:\/\/klausundmoniunterwegs.de\/wp-content\/uploads\/2016\/02\/2-L200-I-7-1024x768.jpg\" alt=\"2 L200 I (7)\" width=\"840\" height=\"630\" srcset=\"https:\/\/klausundmoniunterwegs.de\/wp-content\/uploads\/2016\/02\/2-L200-I-7-1024x768.jpg 1024w, https:\/\/klausundmoniunterwegs.de\/wp-content\/uploads\/2016\/02\/2-L200-I-7-300x225.jpg 300w, https:\/\/klausundmoniunterwegs.de\/wp-content\/uploads\/2016\/02\/2-L200-I-7-768x576.jpg 768w, https:\/\/klausundmoniunterwegs.de\/wp-content\/uploads\/2016\/02\/2-L200-I-7-1200x900.jpg 1200w, https:\/\/klausundmoniunterwegs.de\/wp-content\/uploads\/2016\/02\/2-L200-I-7.jpg 1600w\" sizes=\"auto, (max-width: 709px) 85vw, (max-width: 909px) 67vw, (max-width: 1362px) 62vw, 840px\" \/><\/a><\/div><div class='clear_column'><\/div><\/p>\n<p><a href=\"http:\/\/klausundmoniunterwegs.de\/wp-content\/uploads\/2016\/02\/2-L200-I-5.jpg\" rel=\"attachment wp-att-952\"><img loading=\"lazy\" decoding=\"async\" class=\"alignnone size-large wp-image-952\" src=\"http:\/\/klausundmoniunterwegs.de\/wp-content\/uploads\/2016\/02\/2-L200-I-5-768x1024.jpg\" alt=\"2 L200 I (5)\" width=\"768\" height=\"1024\" srcset=\"https:\/\/klausundmoniunterwegs.de\/wp-content\/uploads\/2016\/02\/2-L200-I-5-768x1024.jpg 768w, https:\/\/klausundmoniunterwegs.de\/wp-content\/uploads\/2016\/02\/2-L200-I-5-225x300.jpg 225w, https:\/\/klausundmoniunterwegs.de\/wp-content\/uploads\/2016\/02\/2-L200-I-5.jpg 1200w\" sizes=\"auto, (max-width: 768px) 85vw, 768px\" \/><\/a><\/p>\n<p><a href=\"http:\/\/klausundmoniunterwegs.de\/wp-content\/uploads\/2016\/02\/2-L200-I-8.jpg\" rel=\"attachment wp-att-949\"><img loading=\"lazy\" decoding=\"async\" class=\"alignnone size-large wp-image-949\" src=\"http:\/\/klausundmoniunterwegs.de\/wp-content\/uploads\/2016\/02\/2-L200-I-8-768x1024.jpg\" alt=\"2 L200 I (8)\" width=\"768\" height=\"1024\" srcset=\"https:\/\/klausundmoniunterwegs.de\/wp-content\/uploads\/2016\/02\/2-L200-I-8-768x1024.jpg 768w, https:\/\/klausundmoniunterwegs.de\/wp-content\/uploads\/2016\/02\/2-L200-I-8-225x300.jpg 225w, https:\/\/klausundmoniunterwegs.de\/wp-content\/uploads\/2016\/02\/2-L200-I-8.jpg 1200w\" sizes=\"auto, (max-width: 768px) 85vw, 768px\" \/><\/a><\/p>\n<p><a href=\"http:\/\/klausundmoniunterwegs.de\/wp-content\/uploads\/2016\/02\/2-L200-I-6.jpg\" rel=\"attachment wp-att-951\"><img loading=\"lazy\" decoding=\"async\" class=\"alignnone size-large wp-image-951\" src=\"http:\/\/klausundmoniunterwegs.de\/wp-content\/uploads\/2016\/02\/2-L200-I-6-1024x768.jpg\" alt=\"2 L200 I (6)\" width=\"840\" height=\"630\" srcset=\"https:\/\/klausundmoniunterwegs.de\/wp-content\/uploads\/2016\/02\/2-L200-I-6-1024x768.jpg 1024w, https:\/\/klausundmoniunterwegs.de\/wp-content\/uploads\/2016\/02\/2-L200-I-6-300x225.jpg 300w, https:\/\/klausundmoniunterwegs.de\/wp-content\/uploads\/2016\/02\/2-L200-I-6-768x576.jpg 768w, https:\/\/klausundmoniunterwegs.de\/wp-content\/uploads\/2016\/02\/2-L200-I-6-1200x900.jpg 1200w, https:\/\/klausundmoniunterwegs.de\/wp-content\/uploads\/2016\/02\/2-L200-I-6.jpg 1600w\" sizes=\"auto, (max-width: 709px) 85vw, (max-width: 909px) 67vw, (max-width: 1362px) 62vw, 840px\" \/><\/a><\/p>\n<p>Von diesem Pick up trennten wir uns aus Sicherheits-Gr\u00fcnden. Der neue von Mitsubishi winkt mit mehr Airbags, mit ABS und nat\u00fcrlich mit mehr PS.<\/p>\n","protected":false},"excerpt":{"rendered":"<p>von Juli 1995 bis Januar 1999 Diesel\u00a0;\u00a0Leistung 87 PS ; Hubraum 2,5 Liter ; Zul. Ges. Gewicht 2525 kg Endlich Allrad Wir probierten uns mit einem Wohnwagen aus. Mit Tempo 80 km\/h\u00a0auf der Autobahn dahin schleichen. Die Parkplatzsuche war auf Grund\u00a0der Gesamtl\u00e4nge von \u00fcber 10 m\u00a0m\u00fchsam. Das war nicht unser Ding. Also sind wir im &hellip; <a href=\"https:\/\/klausundmoniunterwegs.de\/?page_id=982\" class=\"more-link\"><span class=\"screen-reader-text\">&#8222;Mitsubishi L200 Magnum&#8220; <\/span>weiterlesen<\/a><\/p>\n","protected":false},"author":2,"featured_media":0,"parent":0,"menu_order":0,"comment_status":"closed","ping_status":"closed","template":"","meta":{"footnotes":""},"class_list":["post-982","page","type-page","status-publish","hentry"],"_links":{"self":[{"href":"https:\/\/klausundmoniunterwegs.de\/index.php?rest_route=\/wp\/v2\/pages\/982","targetHints":{"allow":["GET"]}}],"collection":[{"href":"https:\/\/klausundmoniunterwegs.de\/index.php?rest_route=\/wp\/v2\/pages"}],"about":[{"href":"https:\/\/klausundmoniunterwegs.de\/index.php?rest_route=\/wp\/v2\/types\/page"}],"author":[{"embeddable":true,"href":"https:\/\/klausundmoniunterwegs.de\/index.php?rest_route=\/wp\/v2\/users\/2"}],"replies":[{"embeddable":true,"href":"https:\/\/klausundmoniunterwegs.de\/index.php?rest_route=%2Fwp%2Fv2%2Fcomments&post=982"}],"version-history":[{"count":12,"href":"https:\/\/klausundmoniunterwegs.de\/index.php?rest_route=\/wp\/v2\/pages\/982\/revisions"}],"predecessor-version":[{"id":1018,"href":"https:\/\/klausundmoniunterwegs.de\/index.php?rest_route=\/wp\/v2\/pages\/982\/revisions\/1018"}],"wp:attachment":[{"href":"https:\/\/klausundmoniunterwegs.de\/index.php?rest_route=%2Fwp%2Fv2%2Fmedia&parent=982"}],"curies":[{"name":"wp","href":"https:\/\/api.w.org\/{rel}","templated":true}]}}